).
9
Let t(r) = 1012*r - 553. Calculate t(2).
1471
Let v(l) = 454*l - 3794. Calculate v(8).
-162
Let z(o) = o**3 + 1684*o**2 - 2360*o - 6804373. Calculate z(-1683).
-4
Let f(c) = -7741*c + 1168806. Determine f(151).
-85
Let n(h) = 2*h**2 - 633*h - 567620. Determine n(714).
10
Let m(t) = -307*t - 18982. What is m(-61)?
-255
Let a(c) = -c**3 + 133*c**2 - 1483*c + 351. Calculate a(12).
-21
Let q(p) = -11164*p - 815043. Determine q(-73).
-71
Let x(y) = -247700*y + 247744. Calculate x(1).
44
Let b(i) = 534*i**3 + 15*i**2 - 3*i - 8. Determine b(-1).
-524
Let j(b) = b**3 + 11*b**2 + 7102*b + 49603. Calculate j(-7).
85
Let c(v) = -2*v**2 + 378*v - 16625. Determine c(119).
35
Let d(i) = -448*i - 14968. Give d(-33).
-184
Let b(x) = 2*x**2 - 83*x + 947. Calculate b(12).
239
Let k(n) = 18*n + 1304. Determine k(-105).
-586
Let h(x) = 1269*x + 28147. Calculate h(-22).
229
Let i(q) = -q**3 - 104*q**2 - 94*q + 850. Give i(-103).
-77
Let y(n) = n**3 - 380*n**2 - 1511*n + 88. Calculate y(-4).
-12
Let h(c) = 88806*c + 7104467. What is h(-80)?
-13
Let c(n) = -763*n + 90774. Determine c(119).
-23
Let a(p) = -2855*p**2 - 3203310*p + 14. Give a(-1122).
14
Let q(t) = -476*t + 5695. Determine q(12).
-17
Let u(o) = -2*o**2 + 585*o - 31985. What is u(219)?
208
Let s(j) = j**3 + 349*j**2 + 40*j + 13985. What is s(-349)?
25
Let x(s) = 1128*s + 19019. What is x(-17)?
-157
Let r(o) = 47103*o + 189079. Determine r(-4).
667
Let t(i) = 54937*i + 988870. Determine t(-18).
4
Let j(a) = 66*a - 5000. Calculate j(85).
610
Let z(s) = -70572*s - 423709. Determine z(-6).
-277
Let o(t) = t**2 - 717*t - 29314. What is o(-39)?
170
Let k(t) = -2404*t - 372656. Calculate k(-155).
-36
Let b(o) = 3*o**2 - 121*o - 3714. Determine b(70).
2516
Let p(v) = -2429678*v - 9718679. Determine p(-4).
33
Let g(v) = -v**3 + 29*v + 61. Determine g(-10).
771
Let b(y) = -2*y**2 + 169*y - 3523. Give b(28).
-359
Let v(q) = 7*q**2 + 123*q - 1015. What is v(6)?
-25
Let t(p) = -p**2 - 301*p - 8335. Give t(-32).
273
Let u(r) = -r**3 + 18*r**2 + 3814*r - 42800. Calculate u(11).
1
Let c(l) = l**2 - 2*l - 35427. What is c(189)?
-84
Let k(l) = 4*l**3 - 67*l**2 + 6118*l - 104317. Calculate k(17).
-22
Let l(m) = 3*m**3 + 58*m**2 - 30*m + 165. Determine l(-20).
-35
Let b(s) = 5351*s + 16052. Determine b(-3).
-1
Let j(h) = -h**3 + 10*h**2 + 154*h + 62. What is j(19)?
-261
Let f(q) = -2*q**3 + 158*q**2 + 1593*q - 811. Determine f(88).
-19
Let x(j) = 3606*j - 27. Determine x(0).
-27
Let c(r) = 143281*r + 1862692. Calculate c(-13).
39
Let x(u) = -u**2 + 77*u + 10268. What is x(-70)?
-22
Let x(r) = 13*r**3 - 534*r**2 - 768*r + 33149. Give x(41).
-20
Let q(w) = -374*w + 70. Calculate q(-1).
444
Let h(r) = 14538*r**2 + 43615*r - 2. What is h(-3)?
-5
Let v(u) = 2555*u - 1578959. Calculate v(618).
31
Let s(k) = -32*k**2 - 461*k - 5230. Give s(-11).
-4031
Let p(o) = -10977*o - 24840955. Calculate p(-2263).
-4
Let g(w) = -15971*w**2 - 239564*w - 7. Give g(-15).
-22
Let c(o) = -6299*o + 674039. Give c(107).
46
Let n(l) = l**3 - 128*l**2 + 3315*l - 263. What is n(92)?
13
Let y(x) = -139*x + 757. Calculate y(13).
-1050
Let q(c) = 237*c - 6203. Give q(32).
1381
Let c(i) = -195515*i - 2150649. What is c(-11)?
16
Let a(c) = -c**3 + 126*c**2 + 2172*c + 874. What is a(-15)?
19
Let s(h) = -425*h - 12518. What is s(-26)?
-1468
Let h(j) = -4959*j + 44432. Give h(9).
-199
Let p(l) = 2*l**3 - 169*l**2 - 5015*l - 6587. What is p(108)?
1
Let d(q) = q**3 + 56*q**2 - 7579*q - 432856. Give d(-58).
-2
Let o(z) = -119*z - 13176. Calculate o(-130).
2294
Let w(n) = 3362*n + 27578. What is w(-8)?
682
Let u(l) = -107*l + 22115. What is u(207)?
-34
Let a(h) = h**3 - 75*h**2 - 1469*h + 906. What is a(91)?
-277
Let g(n) = 66*n**2 - 615*n - 1229. What is g(-2)?
265
Let a(u) = 2*u**3 - 92*u**2 + 3*u - 715. Calculate a(46).
-577
Let b(n) = 216*n**2 + 6*n - 18. What is b(3)?
1944
Let s(q) = -517*q - 16536. Calculate s(-32).
8
Let w(h) = -25*h**2 - 172*h + 138. What is w(4)?
-950
Let a(n) = -16*n**2 - 1280*n - 932. Give a(-79).
332
Let l(i) = 7*i**3 + 27*i**2 + 309*i + 317. What is l(-7)?
-2924
Let l(s) = -1780*s + 9118. What is l(5)?
218
Let d(q) = 38697*q - 21. Calculate d(0).
-21
Let a(k) = k**3 + 144*k**2 - 544*k + 7341. Determine a(-148).
237
Let r(z) = 94175*z - 6498083. Calculate r(69).
-8
Let z(k) = -k**3 - 77*k**2 - 1402*k - 444. What is z(-48)?
36
Let v(s) = 4359*s + 82435. What is v(-19)?
-386
Let w(j) = 1497*j - 12107. Give w(9).
1366
Let z(d) = 128*d**2 + 346*d + 156. Give z(-2).
-24
Let f(k) = -2*k**3 - 137*k**2 + 357*k + 265. Calculate f(-71).
123
Let g(y) = -5613*y + 370446. Calculate g(66).
-12
Let u(s) = 4266*s - 3289043. Determine u(771).
43
Let r(d) = 27*d**2 + 2629*d - 1697. What is r(-98)?
-31
Let w(b) = 463*b - 9843. What is w(21)?
-120
Let z(x) = 8457*x + 33278. Give z(-4).
-550
Let m(y) = -64*y**3 + 32*y**2 + 86*y + 50. Give m(-2).
518
Let b(z) = -z**3 + 755*z**2 - 5257*z + 16437. What is b(748)?
729
Let n(b) = -2184*b - 50284. Determine n(-23).
-52
Let y(j) = 2*j**2 + 61514*j + 676465. Calculate y(-11).
53
Let g(f) = 2*f**3 - 48*f**2 + 96*f - 25. Determine g(8).
-1305
Let q(s) = -9*s**2 + 127*s + 639. Calculate q(-5).
-221
Let h(p) = -p**3 - 473*p**2 + 447*p - 12822. Give h(-474).
-24
Let y(h) = -11*h**2 + 140*h - 1732. Calculate y(13).
-1771
Let k(f) = -76*f - 4788. Calculate k(-47).
-1216
Let f(m) = -6*m**2 - 2396*m + 597072. Calculate f(-573).
6
Let m(n) = 274053*n + 33982577. Calculate m(-124).
5
Let u(r) = -r**2 - 2609*r + 484370. Determine u(174).
128
Let d(i) = -1551*i**2 + 57420*i - 1209. Calculate d(37).
12
Let m(p) = 2*p**3 + 9*p**2 + 71*p - 149. Determine m(6).
1033
Let h(u) = -1829*u - 23752. What is h(-13)?
25
Let h(i) = -85*i**3 - 940*i**2 - 62*i - 69. What is h(-11)?
8
Let v(x) = -237*x**2 + 8771*x - 118. Give v(37).
-44
Let n(c) = 70*c - 3933. What is n(54)?
-153
Let c(d) = -457*d + 86384. What is c(189)?
11
Let p(m) = m**2 + 1027*m + 37890. Calculate p(-38).
308
Let o(t) = -t**2 + 13764*t + 1051837. What is o(-76)?
-3
Let j(m) = 2*m**2 - 17*m - 354. Give j(19).
45
Let c(b) = 73*b**2 + 1538*b + 74. Determine c(-21).
-31
Let t(b) = 1805*b - 424. What is t(1)?
1381
Let f(h) = -h**2 - 276*h - 15975. Calculate f(-193).
44
Let l(r) = 9*r**2 + 854*r + 12370. Determine l(-77).
-27
Let q(y) = y**3 - 69*y**2 + 256*y + 514. Determine q(65).
254
Let h(i) = -i**2 - 574*i - 82145. Give h(-308).
-217
Let x(c) = 2*c**3 - 54*c**2 + 429*c - 24. Determine x(12).
804
Let s(r) = 94*r**2 + 2283*r - 2282. What is s(1)?
95
Let m(n) = 5*n**2 - 615*n + 17853. Calculate m(47).
-7
Let x(q) = 6*q**3 + 38*q**2 - 150*q + 145. Determine x(2).
45
Let g(x) = 3*x**3 - 110*x**2 - 39*x + 9. What is g(37)?
-65
Let y(w) = -41*w**3 - 863*w**2 + 112*w + 3238. Give y(-21).
4
Let f(m) = 109*m**3 - 97*m**2 - 209*m - 16. Calculate f(-2).
-858
Let f(p) = p**2 - 53*p + 547. What is f(13)?
27
Let l(g) = g**2 - 162*g - 5753. What is l(-30)?
7
Let p(v) = 4*v**3 - 32*v**2 - 37*v + 293. What is p(3)?
2
Let p(i) = 10*i**3 - 929*i**2 - 101*i + 220. Give p(93).
-524
Let d(z) = z**2 - 82*z + 1465. Determine d(62).
225
Let p(k) = 318*k + 1246. What is p(2)?
1882
Let l(h) = -h**2 - 5715*h + 207227. Determine l(36).
191
Let i(t) = 21042*t - 1052107. Give i(50).
-7
Let r(f) = 6*f**3 + 2410*f**2 + 3995*f - 2005. What is r(-400)?
-5
Let p(m) = -3*m**2 + 289*m - 3567. What is p(14)?
-109
Let m(s) = -13490*s - 94437. What is m(-7)?
-7
Let j(h) = 2*h**3 + 13*h**2 - 179*h - 49. Give j(0).
-49
Let n(f) = -3263*f - 104283. Determine n(-32).
133
Let u(d) = 24684*d - 123415. Give u(5).
5
Let t(u) = -244*u - 3614. What is t(-10)?
-1174
Let f(y) = -y**3 - 60*y**2 - 427*y - 573. Give f(-52).
-1
Let k(j) = -2*j**3 + 32*j**2 - 763*j + 3256. Calculate k(5).
-9
Let x(f) = -4*f**3 + 57*f**2 - 283*f + 43. What is x(6)?
-467
Let s(i) = -43939*i - 96314288. What is s(-2192)?
0
Let j(a) = -11*a**2 - 56*a + 279. Calculate j(5).
-276
Let z(w) = 725*w - 9236. Give z(8).
-3436
Let p(n) = -n**3 - 7*n**2 + 96*n - 879. What is p(8)?
-1071
Let r(p) = 11*p**3 - 27*p**2 + 17*p - 5. Determine r(5).
780
Let p(s) = -8*s**3 - 9*s**2 - 29*s - 477. Calculate p(-9).
4887
Let x(s) = 2*s**2 + 1296*s + 171902. What is x(-462)?
38
Let t(h) = -112*h**2 + 201*h - 280. What is t(2)?
-326
Let m(q) = -253*q + 374. What i